*r + h = 5*r. Calculate the highest common divisor of r and 4.
4
Let g be (-3 - 6)*48/(-9). Calculate the greatest common factor of g and 16.
16
Suppose -2*i - i + 60 = 0. Suppose -7*w = -4*w + 18. Let u be (-178)/w - 3/(-9). What is the highest common factor of u and i?
10
Let y be (2 - 2)/(2 + 0). Let q = -2 + y. Let z be (-1)/q - 1/(-2). Calculate the greatest common divisor of 1 and z.
1
Let b = 34 - -16. Suppose -4*c + 0*c = 136. Let t = b + c. What is the greatest common divisor of t and 40?
8
Suppose 5*l = l - 4. Let b be 94 + -1*2/l. Let v be (-1)/(-3) - (-175)/15. Calculate the highest common factor of b and v.
12
Let m be ((-10)/(-3))/((-2)/(-9)). What is the greatest common factor of m and 15?
15
Let o(q) = 2*q + 6*q - 6*q - 1 + 3*q. Let k be o(1). Let f = 41 - -3. Calculate the highest common factor of k and f.
4
Let u be (-181)/(-4) - 2/8. Suppose 5*i = 3*i - 2*g + 2, -27 = -3*i + 3*g. Suppose -i*h = -121 + 31. Calculate the highest common factor of u and h.
9
Suppose 4*v = -v. Suppose 5*s + v - 35 = 0. Let a be (-4)/18 - 382/(-18). What is the greatest common divisor of s and a?
7
Suppose o + 2*o + 36 = 0. Let f = 16 + o. Let r be 1/(-2)*0 + 36. Calculate the greatest common factor of f and r.
4
Let z = 25 + -12. Suppose -5*u = w - 88, -z = -4*w - 1. What is the highest common factor of u and 119?
17
Suppose -4*s = -p - 25, -3*s + 3*p - 6 = -36. Let j(k) = k**3 - k**2 - 2*k + 3. Let y be j(3). Calculate the greatest common factor of y and s.
5
Let q = -25 + 31. Calculate the highest common divisor of q and 2.
2
Let g(o) = -o**2 - 13*o + 4. Let l = -1 + -8. Let q be g(l). What is the greatest common divisor of q and 8?
8
Let j be 5/(-5 + 1480/295). What is the greatest common divisor of j and 59?
59
Let x = 4 - -17. Calculate the greatest common factor of 105 and x.
21
Suppose 0 = 2*t - b - 2*b - 73, t - b - 36 = 0. What is the highest common factor of 14 and t?
7
Suppose -18*s + 13*s + 85 = 0. Calculate the highest common divisor of 119 and s.
17
Let z be (567/6)/(6/8). Calculate the highest common factor of 18 and z.
18
Let q = -21 - -24. Let r be ((-50)/q)/(6/(-27)). What is the highest common divisor of 50 and r?
25
Let s be (-4)/10 - 128/5. Let k(q) = q**2 - 7*q - 3. Let i be k(8). Let t be (s/(-6))/(i/15). What is the greatest common divisor of 91 and t?
13
Let c be ((-52)/(-5))/(20/50). Calculate the greatest common divisor of 13 and c.
13
Suppose 2*o - 6*o = -5*f + 44, -o = -f + 9. Let t = 90 - 58. Calculate the greatest common factor of t and f.
8
Let c = -4 - -7. Calculate the highest common factor of 33 and c.
3
Suppose -5*d + 3*m + 1 = 6, 0 = d + 4*m - 22. Suppose u - d = 2. Let x be -4*(-38)/4 - 2. Calculate the greatest common divisor of u and x.
4
Suppose g - 347 = -o - g, 3*g = 5*o - 1696. Let f = -107 + o. What is the highest common divisor of f and 26?
26
Let j = 5 + 1. Let m be 219/(j + -3) + 3. Calculate the highest common divisor of m and 19.
19
Let v(t) = -6*t + 5. Let u be v(6). Let l = 55 + u. Calculate the greatest common factor of 60 and l.
12
Let d be (-6)/(-2) - 0/(-2) - 1. Calculate the highest common factor of d and 14.
2
Let x(v) = -4*v + 8. Let g be x(-5). Calculate the greatest common factor of 4 and g.
4
Let d be ((-30)/10)/(2/(-6)). What is the greatest common factor of 99 and d?
9
Let m(n) = 3*n**2 + n + 11. Let u be m(4). What is the greatest common divisor of 7 and u?
7
Suppose -3*u + f + 9 = 0, 3*u = -u + 3*f + 7. Calculate the greatest common divisor of u and 4.
4
Suppose -m - u + 13 = 0, -u - u + 4 = 0. What is the highest common divisor of 99 and m?
11
Let i = -2 + 4. Let u(p) = 2*p - 3. Let j be u(i). Let t be (-1)/((0 - 1)/j). Calculate the highest common factor of 4 and t.
1
Suppose -2*m + 2*a = 3*m + 391, -4*m + 2*a - 312 = 0. Let r = m + 233. Calculate the highest common factor of 14 and r.
14
Let b = 6 + -4. Suppose 48 = 4*x + 2*p, b*p + 12 = x + 6*p. Let y be (6/(-9))/((-24)/108). Calculate the greatest common divisor of y and x.
3
Suppose -5*r = -5*t - 425, 3*t - 7*t = 3*r - 276. Calculate the highest common factor of r and 8.
8
Suppose -5*i = n - 25 - 3, -4*n - 5*i = -52. Calculate the greatest common factor of 80 and n.
8
Let k be 4 - ((6 - 1) + -3). Let g be 60 - (2 - k - 2). Calculate the greatest common factor of 155 and g.
31
Let q be 9*(0 + 2/(-2)). Let i be 75/9 - (-3)/q. What is the highest common factor of 1 and i?
1
Let k be (182/(-5))/((-5)/25). Let d = k + -80. Calculate the highest common factor of 17 and d.
17
Let t be 20/14*(6 - -1). What is the highest common divisor of 15 and t?
5
Let q = 25 - 20. Suppose -3*w + 0 = -6. Suppose -48 = -3*o - w*h, 3*o + q*h = -2*o + 75. What is the greatest common factor of 27 and o?
9
Let x(h) = -20*h + 35. Let m(y) = 7*y - 12. Let k(w) = 11*m(w) + 4*x(w). Let a be k(-4). Calculate the highest common factor of a and 4.
4
Let u = 44 - 36. Let x(b) = -6*b + 4. Let i(l) = -6*l + 3. Let w(s) = 6*i(s) - 7*x(s). Let q be w(7). Calculate the highest common divisor of u and q.
8
Let h(m) = -m. Let f be h(-3). Let n(b) = 2*b**2 - 5*b + 2. Let x be n(f). Let r be 2 + (-2 - 1) + 16. Calculate the highest common divisor of r and x.
5
Let h = 6 + 1. Suppose k - 2*k = -35. Calculate the highest common factor of h and k.
7
Suppose n = 5*n + 140. Let s = n + 83. Suppose -f + 4*t = f, 5*t = 15. Calculate the highest common factor of s and f.
6
Let n(w) = -w**2 - 4*w - 2. Let z be n(-3). Let t = 27 + z. Suppose -3*h - 3*d + 23 + 4 = 0, h = -4*d + 15. What is the greatest common divisor of h and t?
7
Let i be 1 + (-2)/1 - -21. Let t = 20 + -12. What is the greatest common divisor of t and i?
4
Let r = 33 - 19. Let m(x) = -x**2 + 15*x - 9. Let t be m(r). Calculate the greatest common divisor of t and 45.
5
Let r = 16 - 12. Suppose -r*g + 3 = -g. Calculate the greatest common factor of 9 and g.
1
Let z be 82*1*2/2. Suppose -4*q - 2*o + 116 = -0*o, 0 = 5*q + 2*o - 144. Let n = z - q. Calculate the greatest common divisor of 36 and n.
18
Suppose 0 = -5*h + 2*o + 406, -4*h + 171 + 155 = -2*o. What is the highest common divisor of 60 and h?
20
Suppose z - 10 = 14. Calculate the greatest common factor of 12 and z.
12
Let w(n) = -n**2 + 7*n + 8. Let u be w(7). Let l = 30 + u. Let m be 160/3 - -3 - (-6)/9. What is the greatest common divisor of m and l?
19
Suppose -5*l - 5 = -25. Let j(a) = 2*a**3 - 4*a**2 + 2*a. Let z be j(2). What is the highest common divisor of l and z?
4
Let i(s) = s + 8. Let f be i(-6). Suppose -2 = 4*h - 6. Let j = 1 + h. Calculate the greatest common divisor of f and j.
2
Let j(a) = -40*a + 3. Let g be j(-6). Calculate the highest common factor of g and 27.
27
Let y(b) = b**2 - 6*b + 1. Let n be y(6). Calculate the greatest common factor of 9 and n.
1
Let s(f) = 2*f - 9. Let r(y) = y**2 - y + 6. Let h be r(0). Let i be s(h). Let d be 0*1/i + 3. Calculate the greatest common divisor of 24 and d.
3
Suppose -2*p + 13 + 155 = 0. Suppose f - 2*f - 3*l = -9, 2*l = 2*f - 50. What is the greatest common factor of p and f?
21
Let l(s) = s**3 - s**2 - s + 3. Let q be l(0). Let n(v) = -2 + 0*v - 7*v + 3*v**2 + 2*v**2 + v**q. Let p be n(-6). What is the highest common factor of p and 8?
4
Let o(m) = -m**3 + 9*m**2 + 5. Let y be o(9). What is the highest common divisor of y and 40?
5
Let f = -40 - -56. Let c = f - 4. Calculate the greatest common divisor of 48 and c.
12
Let a be 2/1 - (-3)/1. Let b = 4 - -4. Let s be (b/14)/((-4)/(-14)). Calculate the highest common divisor of s and a.
1
Let c be (10/25)/(12/(-15))*-72. Calculate the highest common factor of 24 and c.
12
Suppose 3 = -2*b - 3*u + 16, 34 = 4*b - 2*u. What is the greatest common factor of b and 40?
8
Suppose 14 = 3*d - 16. Let g be 14/8 - 1/(-4). Suppose -4*y + g*y = -s + 15, -75 = -5*s - 2*y. What is the greatest common divisor of s and d?
5
Let n be -3 - ((-4 - 0) + 11). Let x be 520/n*1/(-4). What is the greatest common factor of x and 65?
13
Suppose -2*k = -3*p - 63, 135 = 5*k - p - 2*p. Let m = -255 - -261. What is the greatest common divisor of m and k?
6
Suppose 50 = 5*m - 4*d + 9, 5*d = 3*m - 22. What is the highest common divisor of 36 and m?
9
Let h(a) = -a**3 + 10*a**2 - 3*a - 6. Let w be h(5). What is the greatest common factor of 52 and w?
52
Let n be (-2)/(-1)*10/4